ose 0 = 13*g - 2*l - l + 18, -2*g - l = 13. Let k(o) = -o**3 - 4*o**2 - 4*o + 1. Determine k(g).
4
Let m(n) = -2*n + 7. Let f be (-31)/(-3) + (-1)/3. Suppose -100 = -f*u + 15*u. Let y be (-10)/u + (-9)/(-2). Determine m(y).
-3
Let k(z) = 2*z + 5. Suppose 24 = 5*a + 14*d - 11*d, 5*d - 15 = 0. Suppose -4*y + 0*y = 5*q + 14, -3*q - 30 = -a*y. Calculate k(q).
-7
Let y(i) = i**3 - 3*i**2 - 6*i + 3. Let s(x) = -x + 16. Let t be s(13). Suppose -d - 5*p = -21, t*d + 4*p - 24 = 2*p. Suppose d*g + g - 28 = 0. Determine y(g).
-5
Suppose -28*m - 262 = -30*m. Suppose 10*f - 11 = -m. Let t(q) = -q**3 - 12*q**2 + 2*q + 23. Calculate t(f).
-1
Let s(k) = k - 19. Let u(y) = -y + 9. Suppose 5*f + 20 = 0, -88 = -r + f - 84. Let l be u(r). Determine s(l).
-10
Let i(n) = -20*n**3 - n**2 + n - 1. Let y(j) = -31*j - 35. Let b be y(-3). Suppose -16*z = -b + 42. Give i(z).
-21
Let x be (0/(-4))/(-3)*-1. Suppose -3*j + 0*c = 2*c - 12, -c = x. Let i(o) = 10*o - 9*o + j - o - 4*o + o**2. What is i(3)?
1
Let s(x) = 2*x - 5*x**3 + x**3 - 7*x**2 - 10 - 2*x**3 + 7*x**3. Let g(d) = -9*d - 2. Suppose -m - 4 = -3. Let c be g(m). Determine s(c).
4
Let d = -16316 + 16355. Let p(c) = c**2 - 41*c + 73. Calculate p(d).
-5
Let f(p) = 9*p**3 + 35*p**2 - 8*p + 113. Let j(k) = 4*k**3 + 17*k**2 - 4*k + 52. Let x(i) = 6*f(i) - 13*j(i). What is x(5)?
-3
Let g(b) = b + 4*b**2 + b - b**3 + 0*b - 3*b**2. Let k be ((-377)/(-39) + -11)*(-6)/(-4). Give g(k).
8
Let a = -7 - -8. Let f(c) be the first derivative of c**2 + c - 3037. Determine f(a).
3
Suppose 3*r + 7 + 8 = 0. Let o be 1/(r/10) + 0. Let k = o + -2. Let x(m) = m + 2. Give x(k).
-2
Let p(b) = -11*b + 225. Let j be p(20). Suppose u = j*i + 1, -4*i + 8 = -4*u + u. Let n(r) = 5*r + 17. Determine n(u).
-3
Let l be 2 - (4 + -2) - 1. Let u(t) be the first derivative of -46 + 1/2*t**2 + t. What is u(l)?
0
Let q(u) = -5*u**3 - 19*u**2 + 12*u + 6. Let y = -428 - -445. Let d(p) = -14*p**3 - 56*p**2 + 36*p + 17. Let c(x) = y*q(x) - 6*d(x). Give c(12).
0
Suppose 0 = 3*p + 76 - 28. Let k(q) = -7*q + 7555. Let f(h) = 8*h - 9071. Let l(o) = 5*f(o) + 6*k(o). What is l(p)?
7
Suppose 4*d - 7 + 3 = 0. Let u(c) = 0 - 3*c - 2*c - c**2 - 10 + d. Suppose 50*j + 183 = -117. Calculate u(j).
-15
Let y(h) = 16 - 2 + 65*h - 70*h - h**2 + 6. Let n = -5108 - -5100. What is y(n)?
-4
Suppose -3*w + 80 = 2*w. Let q be (582/68)/((-4)/(-8)) + (-32)/272. Suppose w*z - q = 15. Let v(a) = a + 3. What is v(z)?
5
Let w(m) be the third derivative of -m**5/60 + m**4/6 + 29*m**3/2 - 10*m**2 + 2*m - 3. Give w(-8).
-9
Let u(m) = 2*m + 8. Let o be u(-3). Let g(f) = -f**3 - 6*f**o - 13*f - 9*f + f - 6 + 16*f. Give g(-4).
-18
Suppose 5*b + 3*h - 30 = 0, -5*h + 12 = -5*b + 2. Let u(a) = -b*a**2 - 12 - 10 + 23 - 2*a - 6*a**2. What is u(1)?
-10
Suppose -283*l - 807 - 733 = -408. Let o(m) = m**3 + 4*m**2 - m + 17. Determine o(l).
21
Let o(h) = -h**3 - 6*h**2 + h - 2. Let b(f) = -20*f - 203. Let i be b(-11). Suppose -i*k + 36*k = -114. Give o(k).
-8
Let w(j) = -j**2 - 8*j - 10. Let d = -246 - -274. Let g be (-5)/2*56/d. Give w(g).
5
Let d = -9 - -21. Let m(s) = 3*s**3 + 6*s**2 - 27*s - 22. Let a(z) = 2*z**3 + z**2 - 14*z - 11. Let p(n) = 5*a(n) - 3*m(n). What is p(d)?
-1
Let v(o) be the second derivative of -99*o + 0 + 0*o**2 - 1/6*o**3. Suppose -2 = 2*u + k, 4*u + 0*k + 5*k - 8 = 0. Calculate v(u).
3
Let m(c) = -3*c**2 - 2. Let l(v) = v**2 - 14*v + 18. Suppose -11*h = -6*h - 65. Let u be l(h). Suppose -u*q + 0 = 4*n + 13, -n = -4*q - 2. Calculate m(n).
-14
Let h be 2*1/2*1. Let o be -1 + 1*(-4 - h). Let d(j) = -9*j + 3*j - 8*j - 2*j**3 + j**3 - 7*j**2 + 18 + 10*j - 19. Give d(o).
-13
Let q(r) be the third derivative of -r**5/20 + r**4/24 - r**3/6 + 117*r**2. Determine q(4).
-45
Let y(a) = -12*a + 1. Let z(k) = 10*k**2 + 55*k - 26. Let m be z(-6). Calculate y(m).
-47
Suppose -2*d + 117 - 133 = -4*k, 3*d - 6 = 0. Let a(b) = -b**3 + 4*b**2 - 3*b + 41. Give a(k).
1
Let a(p) = 5*p - 6. Let d(l) = 4*l - 5. Let r(g) = 5*a(g) - 6*d(g). Let k be 0 - (-2 + -1 + (-10)/2). Let j be 7 + ((-432)/k)/6. Give r(j).
-2
Let k(m) = -139 - 68*m**2 + 69*m**2 + 160 + 8*m + 3*m. Determine k(-3).
-3
Suppose 0 = -0*y + 8*y + 608. Let h = y - -79. Let z be -7 - 12/((-9)/h). Let j(v) = -v**3 - 3*v**2 + 2*v + 4. Calculate j(z).
-2
Let m(v) = v + 56. Let y be (22302/105)/(-6) - (-1)/10*4. What is m(y)?
21
Let t(s) = 27*s**2 - 6*s + 5. Let d = 4480 - 4479. What is t(d)?
26
Let q(n) be the second derivative of 7*n**3/6 + 45*n**2/2 + 750*n. Determine q(-7).
-4
Let k(o) be the first derivative of -o**4/12 + 7*o**3/6 + 3*o**2 + 94*o - 11. Let u(l) be the first derivative of k(l). Determine u(6).
12
Let x(j) be the second derivative of -j**6/120 + j**5/20 + j**4/4 - j**3/2 + 31*j**2 + 35*j. Let k(c) be the first derivative of x(c). Calculate k(4).
5
Let k(h) = 2*h**3 - 16*h**2 - 4*h + 22. Let v = -1712 + 1720. Give k(v).
-10
Let j(t) = 34*t + 8. Let o(y) = 13*y + 3. Let n(d) = -4*j(d) + 11*o(d). What is n(-2)?
-13
Let g(b) = b**2 + 9*b + 4. Let d be g(-8). Let v = -43 - -45. Let k(o) = -2 + 4 + 1 - 92*o**2 - 7*o - 87*o**v + 178*o**2. Give k(d).
15
Let l(w) = -125*w**3 + 500*w**3 - 122*w**3 - 12*w**2 - 163 - 126*w**3 - 126*w**3. Determine l(13).
6
Let p(q) = 5*q**2 + q**3 + 274 - 815 + 269 + 5*q + 275 + 0*q**2. Let l(u) = -2*u + 5. Let m = 4 + 0. Let w be l(m). Give p(w).
6
Let p(w) = -w**3 - 4*w**2 + 20*w + 15. Let a be 11*-1 + 260 + -255. What is p(a)?
-33
Let p(h) = 9*h**2 + 6*h + 73. Let n(q) = 8*q**2 + 4*q + 64. Let k(x) = 8*n(x) - 7*p(x). Determine k(-7).
120
Let h(x) = -2*x**3 - 10*x**2 + 0 - 2*x - 19*x**2 + 1 + 3*x**3 + 27*x**2. Let k(q) = -q + 2. Let c be k(0). Determine h(c).
-3
Suppose 0 = r + 2*r + 264. Let l = -85 - r. Suppose l*c + 27 = 21. Let n(x) = -2*x**3 - 4*x**2 - 4*x - 2. Determine n(c).
6
Let c(x) = -4*x**2 + 14*x - 10. Let o be (-5)/(42/(-28)*(-2 + (-23)/(-9))). What is c(o)?
-70
Let v(x) be the first derivative of 55 - 1/2*x**2 + 9*x. Calculate v(4).
5
Let m be (-2)/(-4) + 13/2. Let l be (12/(-16))/(48/(-128)). Let u(v) = -5*v**3 + 7*v - 8 - 5*v**l + v**2 - 4*v**2 + 7*v**3 - v**3. Calculate u(m).
-8
Let z(b) be the third derivative of -b**5/5 - b**3/3 + b**2 - 758*b. Give z(3).
-110
Let r(p) = 1057*p + 143 - 112 - 1053*p. What is r(0)?
31
Let o be 152/(-19)*(-5)/4. Let u(m) be the second derivative of 5*m**2 + 0 - 1/6*m**3 + 21*m. Calculate u(o).
0
Let b(s) = -6*s**2 - 16*s + 20. Let z(f) = f**2 - f - 1. Let j(o) = -5*o**2 + 7*o + 3. Let v(l) = j(l) + 6*z(l). Let c(m) = b(m) + 4*v(m). Give c(-7).
-6
Suppose 2*y - l + 1 = 0, -3*y - 3*l = -0*y - 3. Suppose -11*h + 16*h = y. Let g(q) = 7*q - 13*q - 2 + h - q**2. Give g(-6).
-2
Let g(j) be the first derivative of -1/4*j**4 + 68 - 7/3*j**3 + 3/2*j**2 + 10*j. Give g(-7).
-11
Let a(n) = -2. Let s(m) = -2*m + 11. Let y(b) = -10*a(b) - 2*s(b). Let t = -25 - -26. Let z(d) = -2*d**2 - 2*d + 2. Let i be z(t). Determine y(i).
-10
Let h(n) = -n**3 - 9*n**2 + 9*n. Let u be h(-10). Let l be 5*3*(-2)/u. Let k(p) = 23*p + 2. Let x(s) = 130*s + 12. Let o(f) = -34*k(f) + 6*x(f). Calculate o(l).
10
Let p be 4*(1 - (5 + -5))/(-1). Let o(r) = -7*r - 35. Let c be o(p). Let q(y) = -2*y - 4. Determine q(c).
10
Suppose 0 = 4*r - 3 - 33. Let y(o) = -4 - 71*o + 144*o - 74*o + 3 - 2. Give y(r).
-12
Let s(r) be the second derivative of 8*r**3/3 - r**2 - 5173*r. Suppose 0*i - 4*g + 24 = -2*i, -4*g + 30 = -5*i. Give s(i).
-34
Suppose 3*r - 45 = -5*w - 196, -2*r = 4*w + 104. Let b = r - -63. Suppose -17*d + 20 = -b*d. Let o(f) = -2*f - 4. Calculate o(d).
6
Let m(j) = 67*j**2 - 6*j**2 - 13*j + 19 - 60*j**2. Give m(14).
33
Let x(p) = -2*p - 9. Let l be x(-6). Let v = 219 + -209. Let d(g) = -8*g + 33*g - v*g - 13*g - 6*g + 3. Determine d(l).
-9
Let o(a) be the third derivative of -a**6/120 + a**5/5 + 19*a**4/24 + 1362*a**2. Give o(14).
-126
Let p(s) = -2*s**3 - 3*s**2 - 4*s + 2. Suppose 1161*a + 36 = 1143*a. Calculate p(a).
14
Suppose -6*j = -4*j - 66. Suppose j + 17 = 10*n. Suppose -u - 4 - 17 = 5*q, 4*q + n*u + 21 = 0. Let z(r) = r**2 + 4*r - 1. Calculate z(q).
-1
Let h(p) = -p**3 - 6*p**2 + 10*p + 8. Let i = 124 - 122. Let a be 14/((-10 + 6)/i). Determine h(a).
-13
Let v(u) = 8*u - 2*u**2 + 3*u**2 + 3 - 5. Let i be (-14)/1*(14/4 + -3). Determine v(i).
-9
Suppose 0 = 3*n - x, n = 